) = f*m(b) - 2*l(b). Give w(3).
0
Let d(g) be the second derivative of g**6/360 + g**5/120 + g**4/24 + g**3/6 - 3*g. Let k(j) be the second derivative of d(j). What is k(0)?
1
Let u(i) = i**2 - 3*i - 1. Let w be u(7). Let p = w - 21. Let a(m) = -m**2 + 6*m + 3. Calculate a(p).
3
Let q(t) be the second derivative of t**4/12 + 5*t**3/6 - t**2 - 10*t. Determine q(-5).
-2
Let o(f) = 768*f - 4 + 8 - 765*f. What is o(4)?
16
Let i(r) = -2*r - 7 - r + r. Let b be 3/(3/(-10)) + 152/38. What is i(b)?
5
Let s(y) = 2*y**2 + 6*y. Let a(t) = -2*t + 9. Let g be a(6). Let d(r) = -4*r**2 - 11*r - 1. Let p(v) = g*d(v) - 5*s(v). Determine p(-2).
5
Let j(r) be the second derivative of r**3/3 + r**2/2 - 5*r. Calculate j(3).
7
Let w(i) be the third derivative of 1/12*i**4 - 1/3*i**3 + 0 + 2*i**2 + 0*i + 1/120*i**5. Let c(b) be the first derivative of w(b). Determine c(-5).
-3
Let w(q) = q**2 + 4*q**3 - 1 - q + 0*q**2 - 2*q**2. Let t(k) = 8*k - 1. Let y be t(1). Let i = y - 8. What is w(i)?
-5
Let t(j) = -4 - 1 + 3*j + 2. Let m be (-1)/(-2) - (-20)/8. What is t(m)?
6
Let a(x) = -11*x - 19. Let g(y) = 5*y + 10. Let f(m) = 4*a(m) + 9*g(m). Let t(d) = 9*d**3 + 2*d**2 - 1. Let q be t(-1). What is f(q)?
6
Let a be -2 + 12/(-30) + (-26)/10. Let t(k) = 2*k + 4. Calculate t(a).
-6
Let d be 1/(-3) + 28/12. Let g(t) = 2 + 0 - t + 0*t + d*t. Give g(-4).
-2
Let x(l) = -2*l + 5. Let y(r) = r - 1. Let u(m) = -x(m) - 6*y(m). Let v(z) = z - 1. Let d be v(0). What is u(d)?
5
Let q = 72 - 75. Let b(z) = -z - 6. What is b(q)?
-3
Let y(p) be the first derivative of -p**4/4 - p**2/2 + 2*p - 2. Let j(b) be the third derivative of b**4/24 + b**3/2 + b**2. Let r be j(-3). What is y(r)?
2
Let l(g) = -g**2 - 7*g + 3. Let h be l(-7). Let x = h - 4. Let p(f) = 7*f**2 - f - 1. Calculate p(x).
7
Suppose -6*o + 13*o + 28 = 0. Let s(x) = -x**3 - 4*x**2 + 3*x - 4. Give s(o).
-16
Let w(z) = -10*z - 3. Suppose -8 = 3*v + v. What is w(v)?
17
Let p(l) = -l**2 + l + 1. Let y be (-9*4/30)/(9/(-30)). Determine p(y).
-11
Let k(h) = 5*h + h - 4 + 2 + 3. Calculate k(2).
13
Let w be ((-20)/25)/(2/(-30)). Suppose -15*k + w*k - 18 = 0. Let a(h) = -h**2 - 7*h + 6. Calculate a(k).
12
Suppose 2*i + 7 = -2*f + 3, 5*i + 25 = 0. Suppose 2 = -f*p - 1. Let q(b) be the third derivative of b**4/12 + 2*b**2. What is q(p)?
-2
Suppose -2*f + 4*f - 26 = -3*k, 2*k - 26 = 3*f. Let p(z) = 5*z + 3*z**2 - 4 + 0 + 6*z**2 - k*z**2. Give p(5).
-4
Suppose -s + 0 - 4 = 0. Let l(x) = -4*x + 5. Let u(i) = -5*i + 6. Let n(z) = 7*l(z) - 6*u(z). Give n(s).
-9
Let q be 24/32 - (-65)/4. Suppose 0 = -2*a - 5 + q. Let l(y) = y**2 - 5*y - 2. Determine l(a).
4
Let r(n) be the first derivative of -5*n**2/2 - n - 38. What is r(-4)?
19
Let d(z) be the third derivative of -1/12*z**4 - 1/6*z**3 + 0*z - 3*z**2 + 0. Give d(-4).
7
Let a(n) = n**3 - 4*n**2 - 7*n + 4. Let s = 32 - 8. Suppose -s = -2*h + 6*h. Let o = -1 - h. Determine a(o).
-6
Let n(g) = g + 6. Suppose -4*h - 4*q - 49 = -17, 0 = -5*h - 2*q - 37. What is n(h)?
-1
Suppose -12 = -3*p + 6*p. Let m(q) = 4*q + 9*q**3 - 6*q**3 + 5*q**2 - 2*q**3 - 2*q. Determine m(p).
8
Let q(u) = u**2 + 4*u - 7. Let t be q(-5). Let d be (1 - 3)*4/t. Let o(c) be the first derivative of c**2 - 3*c + 1. Calculate o(d).
5
Let c(y) = y**2 - 7*y + 2. Let d(r) = -r**2 + 10*r - 2. Let z(l) = 5*c(l) + 4*d(l). Suppose 0 = 2*q - q + 2. Give z(q).
-4
Let y be (1 - -9)*2/(-5). Let d(w) = 6*w + 5. Determine d(y).
-19
Let g(i) = -i - 2. Suppose -5*x = t + 2*t - 83, -3*t + 3*x = -51. Let v = 13 - t. Let u be v/3 - 12/(-18). What is g(u)?
0
Let p(n) = -n**3 - n**2. Let t(j) = 3*j**3 + j - 3. Let k(q) = -4*p(q) - t(q). Suppose 0 = -o - 4*h - 20, 0 = -o + 5*h + 11 + 5. Determine k(o).
7
Suppose -5*x - 13 = -3. Let r be 1*-21*x/(-6). Let b(a) = a. Calculate b(r).
-7
Suppose 0 = -0*o - o + 2. Suppose l = -o*l. Let n(a) = l*a**2 - 1 + a + 4*a**2 - 2*a**2. Determine n(2).
9
Let k = 14 + -8. Let v be 2 + -2 - k/(-1). Let i(m) = 2*m + v*m**3 - 2*m**3 + 5*m**2 - 5 - 3*m**3. Give i(-4).
3
Let d(a) = 4*a**2 + 2 - 3*a**2 - 4*a + 9*a. Suppose -72 = -5*r + 48. Suppose -5*g = r + 1. Give d(g).
2
Let c(u) = -2 + 3*u**2 - 7*u**2 + u**3 + 3*u**2 - 5*u**2. Give c(6).
-2
Let k(m) = -m + 1. Let p(g) = g + 1. Let i(j) = -k(j) + p(j). What is i(5)?
10
Let g(z) = z**3 + 4*z**2 + 6*z. Let i(c) = c**3 + 10*c**2 - 10*c + 7. Let u be i(-11). Calculate g(u).
-24
Let j(c) = c + 2. Let d(f) = 2*f + 4. Let h(o) = -3*d(o) + 7*j(o). Let l be 2/(-6) + (-2)/3. Let g be (-2 - -1) + 1*l. What is h(g)?
0
Let h(y) = y**3 - 6*y**2 - 8*y + 9. Let d be h(7). Suppose 2*v = 3*f - 8, 3*v + 12 = d*f - 0*v. Let i(s) = -s**2 - 2*s + f*s - 1 + 2. Determine i(-2).
1
Let i(h) = 2*h + 0*h - h**2 + 1 + 6*h - 3*h. Give i(5).
1
Let s(o) = 11*o**2 + 9*o + 2. Let h be (2/(-1))/((-3)/6). Let r(z) = 5*z**2 + 4*z + 1. Let d(p) = h*s(p) - 9*r(p). Calculate d(0).
-1
Let l be ((-5)/(50/8))/((-8)/(-20)). Let x(n) = n**2 + 3*n - 2. Give x(l).
-4
Let l(i) = i + 1. Let j(g) = 1. Let x(w) = -5*j(w) + l(w). Let d = -29 + 34. Determine x(d).
1
Let m = 6 + -3. Suppose 12 + m = 5*o. Let p(q) = -2*q + o*q - 6 + 0. What is p(3)?
-3
Let p(f) be the third derivative of -1/3*f**3 - 1/6*f**4 - 1/12*f**5 + 3*f**2 + 0*f + 0 - 1/120*f**6. Calculate p(-3).
-8
Let b(z) = 7 - 4 + z - 12. Let q be 2 + (-1)/(2/(-4)). Suppose -5*o = 2*s - 20, q*o - 16 = -2*s - 0*s. Give b(o).
-5
Let r(x) = -5*x**2 + 3*x - 4. Let z be (7 - 3)*6/8. Let h(t) = 5*t**2 - 4*t + 5. Let s(d) = z*h(d) + 4*r(d). Determine s(-1).
-6
Let v(k) = -k**2 - 3*k - 2. Let d = 4 + -2. Let b = -1 + -1. Let x be (d - -2)/b - 2. Determine v(x).
-6
Let t(n) = 3*n + 1. Suppose s = -s + i + 19, 0 = s - i - 11. Let x = s - 9. Give t(x).
-2
Let g be (-1 + -1)*2/(-3 - 1). Let h(y) = 12*y**3 - y + 1. What is h(g)?
12
Let u(b) = -8*b - 1. Let y(z) = 9*z + 2. Let r(a) = -6*u(a) - 5*y(a). Let i(n) = 4*n**3 - 2*n**2 + 2*n - 1. Let o = -1 - -2. Let l be i(o). Calculate r(l).
5
Let m(a) = 4*a - 7 - 21*a - a**2 + 0 + 9*a. Let t(b) = b**2 - 5*b - 1. Let z be t(4). Calculate m(z).
8
Let c(a) = -a**3 - 6*a**2 - 8*a - 7. Suppose -36 = z - 4*z. Let j be -4*((-15)/z)/(-1). Calculate c(j).
8
Let l be 2/11 + 168/44. Let o(h) = 3*h - 3*h - 3 + l*h - 3*h. What is o(7)?
4
Let o(y) = y**2 + 5*y - 1. Let k be o(-4). Let n(r) = -r**3 - 3*r**2 + 8*r + 4. What is n(k)?
14
Suppose 0 = q + 4*w - 4, 3*q + 4 = -w + 5. Suppose -2*n = -3*s - 1 - 6, q = -5*n - s + 9. Suppose n = -2*v - 2. Let h(k) = -3*k - 2. Calculate h(v).
4
Let j(b) = 2*b - 3. Let o be j(4). Suppose 0 = -10*c + o*c + 35. Let x(d) = -3 - d + 2 - c + 4. Determine x(-5).
1
Let z(a) = 5*a + 2*a + a - 3*a + 4. What is z(-3)?
-11
Let o(s) = -3*s - 2. Let w(q) = -3*q - 1. Let t(a) = 4*o(a) - 5*w(a). Suppose -6 = v - 3*v. Calculate t(v).
6
Let a(b) be the third derivative of b**6/120 - b**5/20 - b**4/12 - 5*b**3/6 + b**2. Suppose -p = 3*g - 2*g + 3, 3*g - 33 = 3*p. Let d = -3 - p. What is a(d)?
3
Let i(p) = 8*p**2. Let u = 12 - 17. Let v(h) = -h**2 - 7*h - 6. Let s be v(u). Suppose 0 = s*d - 2*d + 2. Calculate i(d).
8
Let z(u) = -11*u + 6*u - 1 + 2*u - u**2 + 10*u. Determine z(7).
-1
Suppose 3*r = -0*r + 15. Let s(q) = -q - r - 1 + 4. Let w be (5/1 - 2)*-1. What is s(w)?
1
Let i(v) = -v**3 + 0*v**2 + 1 + 2 + v**2 + 4*v. Suppose 4*u + 20 = -2*b + 5*b, u = -b + 2. Let r = u + 0. Give i(r).
7
Let u(g) = g**2 - 3*g - 4. Suppose -3*b = 5*d - 17, 0 = -3*b + 8*b - 4*d - 16. Suppose 0 = -2*z + b. Let w = z - -3. Determine u(w).
6
Let f(q) = q**2 - 2*q + 3. Let r = -6 + 8. Let d be f(r). Let s(a) = -6 - 9*a + 2 + d. What is s(-1)?
8
Let k = -14 + 18. Let b(d) = -2*d**2 + 4*d**2 - 3*d**2 + k + d. Determine b(4).
-8
Let f(j) be the third derivative of 0 + 2*j**2 - 1/3*j**3 - 1/60*j**5 - 1/4*j**4 + 0*j. Suppose z + 5*r = 6, 0 + 4 = 2*r. Give f(z).
6
Let q = 14 - 8. Let g(j) = -j**3 + 6*j**2 + 2*j - 5. Determine g(q).
7
Let y(b) = -b**2 - 9*b + 7. Let q be y(-8). Suppose 18 = h - 4*d, -4*h = 2*d + 3 + q. Let r(n) = n + 1. Determine r(h).
-1
Suppose 6 + 10 = -4*k. Let u be (-1)/4 - (-19)/k. Let l(p) = p**3 + 6*p**2 + 5*p - 1. Calculate l(u).
-1
Let k(d) be the first derivative of -5*d**3/3 + d**2/2 + 7*d + 4. Let o(m) = 9*m**2 - 2*m - 13. Let a(t) = -11*k(t) - 6*o(t). What is a(-1)?
1
Let p(c) = 5*c - 5. Let w(x) = 11*x - 11. Let j(n) = 1